291
Calculate the remainder when 738687 is divided by 606.
579
What is the remainder when 266295 is divided by 10181?
1589
Calculate the remainder when 176981152 is divided by 313.
310
Calculate the remainder when 59496 is divided by 58576.
920
Calculate the remainder when 28179 is divided by 25373.
2806
Calculate the remainder when 121674 is divided by 8077.
519
What is the remainder when 38364123 is divided by 209640?
3
What is the remainder when 71953 is divided by 10275?
28
Calculate the remainder when 31804 is divided by 2295.
1969
What is the remainder when 5058 is divided by 4539?
519
What is the remainder when 6197890 is divided by 3218?
22
Calculate the remainder when 62118 is divided by 3650.
68
Calculate the remainder when 444013 is divided by 31715.
3
What is the remainder when 425238 is divided by 12149?
23
Calculate the remainder when 3839 is divided by 432.
383
What is the remainder when 223546 is divided by 302?
66
What is the remainder when 594375 is divided by 65663?
3408
Calculate the remainder when 47677370 is divided by 15083.
7
What is the remainder when 79067 is divided by 7791?
1157
Calculate the remainder when 151808 is divided by 1087.
715
Calculate the remainder when 7689842 is divided by 99868.
6
What is the remainder when 1386580 is divided by 69329?
0
Calculate the remainder when 6211005 is divided by 4949.
10
What is the remainder when 35638372 is divided by 4480?
4452
What is the remainder when 9332 is divided by 3012?
296
Calculate the remainder when 44968445 is divided by 127.
31
Calculate the remainder when 4967183 is divided by 1420.
23
What is the remainder when 99374530 is divided by 417540?
10
Calculate the remainder when 357652320 is divided by 2859.
2856
Calculate the remainder when 170883 is divided by 1780.
3
Calculate the remainder when 37334 is divided by 18444.
446
Calculate the remainder when 222117 is divided by 219443.
2674
What is the remainder when 2319962 is divided by 604?
602
Calculate the remainder when 20670 is divided by 241.
185
What is the remainder when 337419552 is divided by 493?
492
What is the remainder when 2672614 is divided by 581?
14
What is the remainder when 3191369 is divided by 1611?
1589
What is the remainder when 46603 is divided by 44981?
1622
What is the remainder when 23402 is divided by 1911?
470
Calculate the remainder when 43075995 is divided by 10.
5
What is the remainder when 264160 is divided by 514?
478
What is the remainder when 40161 is divided by 13340?
141
Calculate the remainder when 58671 is divided by 472.
143
What is the remainder when 171715 is divided by 700?
215
What is the remainder when 3647154 is divided by 1485?
1479
Calculate the remainder when 143627228 is divided by 4033.
4032
Calculate the remainder when 6910948 is divided by 691092.
28
What is the remainder when 2679245 is divided by 1339574?
97
What is the remainder when 26928 is divided by 627?
594
What is the remainder when 2003203 is divided by 44513?
118
Calculate the remainder when 411237 is divided by 205483.
271
Calculate the remainder when 40200050 is divided by 248.
242
Calculate the remainder when 34962690 is divided by 51.
48
Calculate the remainder when 25819 is divided by 2267.
882
Calculate the remainder when 2492256 is divided by 420.
396
Calculate the remainder when 191721 is divided by 2085.
1986
Calculate the remainder when 173573440 is divided by 35.
5
What is the remainder when 7825297 is divided by 3912607?
83
Calculate the remainder when 29863374 is divided by 728374.
40
Calculate the remainder when 12357505 is divided by 131.
13
Calculate the remainder when 4087682 is divided by 170320.
2
Calculate the remainder when 15118 is divided by 1566.
1024
What is the remainder when 1514947 is divided by 4967?
12
Calculate the remainder when 70045 is divided by 17500.
45
What is the remainder when 2559447 is divided by 426441?
801
What is the remainder when 1444603 is divided by 228?
223
What is the remainder when 571537 is divided by 570473?
1064
What is the remainder when 22923041 is divided by 216255?
11
Calculate the remainder when 8643227 is divided by 91.
47
What is the remainder when 7776393 is divided by 1517?
251
Calculate the remainder when 923956 is divided by 202.
8
What is the remainder when 365327 is divided by 3149?
43
What is the remainder when 66878132 is divided by 648?
644
What is the remainder when 300007 is divided by 1200?
7
Calculate the remainder when 5079027 is divided by 726.
657
What is the remainder when 2015225 is divided by 133?
9
Calculate the remainder when 3443552 is divided by 289.
117
Calculate the remainder when 1130516 is divided by 565160.
196
Calculate the remainder when 5025723 is divided by 39886.
87
Calculate the remainder when 31068829 is divided by 97.
20
Calculate the remainder when 364501 is divided by 91122.
13
Calculate the remainder when 1821634 is divided by 18216.
34
Calculate the remainder when 2388999178 is divided by 7.
6
What is the remainder when 23480828 is divided by 15812?
8
What is the remainder when 1864755 is divided by 621546?
117
Calculate the remainder when 82874768 is divided by 359.
336
Calculate the remainder when 1271392 is divided by 19258.
364
What is the remainder when 16847 is divided by 205?
37
Calculate the remainder when 163216 is divided by 887.
8
What is the remainder when 50480 is divided by 50259?
221
Calculate the remainder when 44241 is divided by 1230.
1191
What is the remainder when 84222 is divided by 10524?
30
What is the remainder when 4942116 is divided by 715?
36
Calculate the remainder when 66658 is divided by 404.
402
Calculate the remainder when 30788379 is divided by 140.
139
Calculate the remainder when 396791 is divided by 305.
291
Calculate the remainder when 823939 is divided by 1256.
3
What is the remainder when 46408 is divided by 46144?
264
Calculate the remainder when 1540204 is divided by 770080.
44
Calculate the remainder when 39509222 is divided by 142.
136
Calculate the remainder when 364136 is divided by 11720.
816
What is the remainder when 60330 is divided by 30116?
98
Calculate the remainder when 2185085 is divided by 35235.
515
Calculate the remainder when 34772331 is divided by 11188.
27
What is the remainder when 5197080 is divided by 1544?
1520
What is the remainder when 258642 is divided by 86169?
135
What is the remainder when 159110870 is divided by 671?
666
What is the remainder when 13436 is divided by 12565?
871
What is the remainder when 449192993 is divided by 76?
9
What is the remainder when 178785 is divided by 795?
705
Calculate the remainder when 3184085 is divided by 486.
299
Calculate the remainder when 988836 is divided by 29963.
57
Calculate the remainder when 2754805 is divided by 14.
11
What is the remainder when 36053163 is divided by 109?
105
What is the remainder when 105056022 is divided by 3959?
3957
Calculate the remainder when 357953 is divided by 480.
353
What is the remainder when 105330101 is divided by 35110030?
11
Calculate the remainder when 3059952 is divided by 33.
27
Calculate the remainder when 3212565044 is divided by 10295.
10294
What is the remainder when 10942716 is divided by 2843?
9
Calculate the remainder when 35190279 is divided by 2.
1
Calculate the remainder when 2394338 is divided by 79.
6
Calculate the remainder when 224619012 is divided by 4602.
4596
Calculate the remainder when 541072 is divided by 18011.
742
Calculate the remainder when 134176784 is divided by 565.
19
What is the remainder when 4338049 is divided by 22594?
1
What is the remainder when 8085431 is divided by 448?
375
Calculate the remainder when 229568 is divided by 6373.
140
Calculate the remainder when 6551225 is divided by 123.
122
What is the remainder when 59021114 is divided by 15?
14
Calculate the remainder when 6001226 is divided by 664.
658
What is the remainder when 14418 is divided by 5241?
3936
Calculate the remainder when 2110454 is divided by 8757.
17
Calculate the remainder when 188248478 is divided by 119.
117
What is the remainder when 586781048 is divided by 10?
8
Calculate the remainder when 3442495 is divided by 765.
760
Calculate the remainder when 25597250 is divided by 32279.
3
Calculate the remainder when 1080548 is divided